 base 12.
-a5
What is 100200 (base 3) in base 12?
199
-10 (base 9) to base 16
-9
Convert 14 (base 11) to base 3.
120
-1 (base 13) to base 7
-1
What is 12 (base 11) in base 8?
15
Convert -18 (base 14) to base 15.
-17
What is 1010110 (base 2) in base 10?
86
Convert -4 (base 9) to base 4.
-10
Convert -2 (base 14) to base 10.
-2
Convert 3 (base 15) to base 14.
3
Convert -1111110 (base 2) to base 6.
-330
Convert -15 (base 16) to base 2.
-10101
2 (base 4) to base 14
2
223 (base 8) to base 16
93
-7a (base 11) to base 5
-322
Convert -122 (base 3) to base 5.
-32
-1 (base 15) to base 13
-1
What is 0 (base 14) in base 16?
0
What is -5 (base 9) in base 16?
-5
2001 (base 3) to base 14
3d
20 (base 15) to base 3
1010
2203 (base 4) to base 13
c7
-36 (base 16) to base 12
-46
What is 1 (base 4) in base 12?
1
5 (base 7) to base 2
101
What is 1 (base 3) in base 10?
1
What is 8 (base 9) in base 7?
11
Convert -a6 (base 16) to base 13.
-ca
Convert 3b (base 14) to base 4.
311
4 (base 16) to base 13
4
-22 (base 3) to base 7
-11
4 (base 15) to base 5
4
-1001 (base 2) to base 15
-9
Convert 11001 (base 2) to base 12.
21
2 (base 5) to base 10
2
What is -24 (base 10) in base 15?
-19
-1101 (base 3) to base 14
-29
Convert 101211 (base 3) to base 7.
565
What is 281 (base 10) in base 8?
431
What is 4 (base 7) in base 4?
10
What is -241 (base 5) in base 16?
-47
What is -3 (base 8) in base 16?
-3
What is 56 (base 7) in base 3?
1112
What is -150 (base 6) in base 2?
-1000010
What is 258 (base 11) in base 15?
155
Convert de (base 16) to base 5.
1342
15 (base 11) to base 8
20
357 (base 10) to base 11
2a5
What is -11 (base 5) in base 4?
-12
What is 1 (base 7) in base 9?
1
Convert 3 (base 8) to base 14.
3
What is ac (base 13) in base 14?
a2
What is 0 (base 13) in base 4?
0
0 (base 16) to base 6
0
What is 7 (base 13) in base 12?
7
What is -6 (base 8) in base 3?
-20
Convert -43 (base 5) to base 15.
-18
Convert 66 (base 7) to base 15.
33
Convert 44 (base 5) to base 9.
26
2 (base 13) to base 15
2
What is -5 (base 6) in base 14?
-5
What is -11 (base 2) in base 11?
-3
What is 14 (base 6) in base 2?
1010
Convert -3 (base 14) to base 9.
-3
What is -169 (base 11) in base 8?
-304
Convert -9 (base 13) to base 5.
-14
Convert 3 (base 6) to base 3.
10
What is 31 (base 15) in base 10?
46
Convert -18 (base 13) to base 7.
-30
What is -100 (base 3) in base 16?
-9
Convert -11 (base 9) to base 15.
-a
What is 21 (base 3) in base 11?
7
What is -b (base 13) in base 12?
-b
-11 (base 6) to base 13
-7
-2a (base 11) to base 13
-26
-51 (base 9) to base 11
-42
What is -1 (base 8) in base 14?
-1
4 (base 9) to base 6
4
What is -7 (base 11) in base 6?
-11
11 (base 7) to base 12
8
Convert -17 (base 11) to base 5.
-33
Convert 77 (base 13) to base 7.
200
Convert 342 (base 8) to base 11.
196
What is 10100 (base 2) in base 3?
202
0 (base 2) to base 12
0
Convert -1112 (base 3) to base 15.
-2b
Convert -2b (base 13) to base 3.
-1101
What is -13 (base 14) in base 13?
-14
86 (base 9) to base 4
1032
What is 29 (base 10) in base 8?
35
3 (base 16) to base 12
3
63 (base 11) to base 14
4d
Convert -14 (base 6) to base 16.
-a
What is 49 (base 14) in base 13?
50
What is -3 (base 4) in base 10?
-3
What is -4a (base 11) in base 5?
-204
What is 2223 (base 4) in base 13?
102
Convert -48 (base 14) to base 16.
-40
Convert -10010 (base 2) to base 16.
-12
What is 8 (base 11) in base 2?
1000
What is 53 (base 6) in base 5?
113
Convert -20a (base 13) to base 4.
-11130
-79 (base 13) to base 14
-72
What is -1 (base 9) in base 5?
-1
Convert 222 (base 10) to base 5.
1342
What is 317 (base 8) in base 2?
11001111
Convert 22 (base 10) to base 9.
24
4 (base 5) to base 16
4
7 (base 12) to base 16
7
-40 (base 11) to base 14
-32
What is 11 (base 4) in base 5?
10
Convert 415 (base 6) to base 15.
a5
Convert -7 (base 16) to base 10.
-7
Convert 2232 (base 4) to base 16.
ae
Convert -8 (base 11) to base 12.
-8
Convert 0 (base 3) to base 13.
0
Convert -2 (base 14) to base 5.
-2
-10110 (base 3) to base 15
-63
Convert -66 (base 7) to base 2.
-110000
Convert 0 (base 15) to base 4.
0
29 (base 16) to base 9
45
What is -1 (base 5) in base 15?
-1
Convert 64 (base 12) to base 8.
114
Convert 20010 (base 3) to base 9.
203
What is 55 (base 11) in base 5?
220
-24 (base 8) to base 7
-26
What is -30 (base 13) in base 12?
-33
What is -114 (base 7) in base 9?
-66
Convert -18 (base 11) to base 15.
-14
Convert 100 (base 2) to base 10.
4
Convert 0 (base 5) to base 7.
0
Convert -4 (base 6) to base 15.
-4
What is -20 (base 5) in base 7?
-13
131 (base 4) to base 2
11101
What is 30 (base 10) in base 15?
20
-32 (base 16) to base 9
-55
-6 (base 8) to base 7
-6
Convert 22 (base 4) to base 7.
13
What is 78 (base 11) in base 14?
61
210 (base 3) to base 10
21
Convert -1244 (base 5) to base 15.
-d4
What is 1101 (base 3) in base 6?
101
-64 (base 8) to base 2
-110100
What is -21 (base 3) in base 5?
-12
What is 1342 (base 6) in base 4?
11132
11 (base 4) to base 3
12
What is -1110 (base 2) in base 8?
-16
2 (base 12) to base 15
2
What is -8 (base 9) in base 3?
-22
What is -100 (base 4) in base 10?
-16
What is 122 (base 3) in base 13?
14
-2 (base 7) to base 11
-2
-1 (base 12) to base 16
-1
Convert 0 (base 10) to base 9.
0
Convert 11 (base 3) to base 15.
4
What is -42 (base 8) in base 3?
-1021
Convert 5 (base 9) to base 2.
101
What is -d (base 15) in base 11?
-12
What is -4 (base 6) in base 2?
-100
What is 1012 (base 3) in base 16?
20
Convert 9 (base 13) to base 11.
9
2 (base 14) to base 11
2
11 (base 10) to base 3
102
What is 5 (base 16) in base 11?
5
What is 10 (base 2) in base 9?
2
What is 4 (base 12) in base 9?
4
What is 14b (base 12) in base 6?
535
What is 0 (base 16) in base 15?
0
What is -16 (base 7) in base 3?
-111
-3 (base 10) to base 15
-3
Convert -3 (base 10) to base 15.
-3
Convert -3 (base 11) to base 3.
-10
234 (base 11) to base 10
279
What is 20 (base 4) in base 14?
8
What is 11 (base 6) in base 12?
7
What is 12 (base 11) in base 15?
d
What is 5b (base 12) in base 10?
71
Convert -1101011 (base 2) to base 16.
-6b
Convert 310 (base 7) to base 13.
bb
What is 211 (base 5) in base 15?
3b
Convert -30 (base 10) to base 7.
-42
Convert -29 (base 12) to base 9.
-36
Convert -135 (base 8) to base 13.
-72
-18 (base 14) to base 11
-20
What is -46 (base 16) in base 11?
-64
Convert -101 (base 2) to base 7.
-5
-9 (base 16) to base 3
-100
What is 3 (base 6) in base 5?
3
What is -7 (base 16) in base 4?
-13
Convert -20 (base 3) to base 2.
-110
What is 84 (base 13) in base 15?
73
What is -11 (base 3) in base 11?
-4
-1 (base 2) to base 5
-1
2b (base 13) to base 14
29
Convert 203 (base 5) to base 15.
38
What is 23 (base 10) in base 9?
25
-c1 (base 16) to base 6
-521
Convert -341 (base 5) to base 12.
-80
What is -12 (base 10) in base 2?
-1100
-4 (base 15) to base 14
-4
3 (base 14) to base 4
3
266 (base 10) to base 14
150
-1111001 (base 2) to base 5
-441
-87 (base 14) to base 7
-230
What is 11 (base 4) in base 12?
5
-1c (base 13) to base 14
-1b
Convert -8 (base 13) to base 5.
-13
What is -12 (base 15) in base 6?
-25
43 (base 5) to base 7
32
What is -3a (base 13) in base 6?
-121
What is 53 (base 12) in base 2?
111111
155 (base 7) to base 4
1121
What is -31 (base 7) in base 5?
-42
What is 10 (base 8) in base 3?
22
Convert -35 (base 13) to base 15.
-2e
What is 2 (base 11) in base 14?
2
Convert 140 (base 7) to base 12.
65
Convert -10 (base 8) to base 15.
-8
Convert 1 (base 11) to base 3.
1
3 (base 6) to base 5
3
Convert 48 (base 9) to base 12.
38
What is -1 (base 13) in base 6?
-1
What is -332 (base 4) in base 16?
-3e
Convert 1 (base 13) to base 6.
1
Convert -105 (base 9) to base 8.
-126
What is 260 (base 12) in base 3?
111100
What is -79 (base 12) in base 13?
-72
Convert -5 (base 14) to base 6.
-5
What is 200 (base 8) in base 14?
92
Convert -50 (base 14) to base 4.
-1012
What is 22 (base 6) in base 11?
13
-4 (base 16) to base 2
-100
Convert -171 (base 8) to base 3.
-11111
Convert 0 (base 11) to base 2.
0
What is -111 (base 2) in base 6?
-11
What is -47 (base 10) in base 7?
-65
Convert -2 (base 6) to base 13.
-2
What is -15 (base 6) in base 9?
-12
6 (base 16) to base 2
110
Convert -1 (base 10) to base 7.
-1
-56 (base 8) to base 6
-114
What is -153 (base 7) in base 13?
-69
What is -11221 (base 3) in base 10?
